k. What is the units digit of s?
1
Let w(f) be the first derivative of f**3/3 - 3*f**2/2 + 5*f + 4. Let s be w(4). What is the tens digit of s*(-1)/(4/(-8))?
1
Let c(d) = d + 4. Suppose -5*p + 15 = w, 3*w - 4*p + 9 = -3. Let s be c(w). Suppose -2*b - 60 = -4*b + 3*g, -s*b = -g - 100. What is the tens digit of b?
2
Suppose 365 = -4*z - 5*d, -4*z + 2*z = 3*d + 183. Let l be 2*2 - (z - 4). Suppose -4*j = 3*s - l, -5*j - 2*s + 105 = -7*s. What is the units digit of j?
3
Let o(n) = 2*n**2 - 16*n + 75. What is the hundreds digit of o(-12)?
5
Let b(g) = g - 7. Let w be b(12). Let u(m) = 15*m - 5. Let z be u(w). What is the tens digit of (-36)/(-30)*z/3?
2
Suppose 0 = 2*u - 4*u + 462. Let j = u + 207. What is the tens digit of 9/(-21) + j/42?
1
What is the hundreds digit of ((27/6)/(-3))/((-102)/47056)?
6
Let z(m) = m**3 - 9*m**2 + 5*m + 11. Let c be z(10). Let h = c - 106. What is the units digit of h?
5
Let u(j) = j**2 + 2*j - 5. Let a be u(-7). Suppose c + f = -c + a, 5*c - 76 = -2*f. Suppose x + 7 = c. What is the units digit of x?
9
Let a(r) = -2*r**2 + 3*r - 4. Let k be a(4). Let b be k/(-3)*(-1 + 2). Suppose 5*q - 3*f = q + 48, -b = -2*f. What is the units digit of q?
5
Let f(k) = 6*k + 3. Let i be f(-2). Let x = -36 + 54. What is the units digit of 2/i + 112/x?
6
Let b(h) = -h**3 + 13*h**2 + 12*h + 22. Let q be b(14). Let t(v) = -29*v - 14. What is the hundreds digit of t(q)?
1
Let b be (1*13)/(12 - 13). Let z = 8 + b. What is the tens digit of (-38)/(-10)*-2*z?
3
Let i(z) = 3*z**2 - 6*z + 7. Let q be (4/7)/((-18)/(-189)). Let b be i(q). Let w = -35 + b. What is the units digit of w?
4
Let g = -1811 - -2556. What is the tens digit of g?
4
Let r be (0 - -6)*-1*-1. What is the tens digit of 72*(-3 - (-27)/r)?
0
Suppose -8*r - r + 2421 = 0. What is the units digit of r?
9
Let p be 43/(((-20)/(-50))/(16/10)). Let w be -2*((0 - 0) + -1). Suppose 6*j = w*j + p. What is the units digit of j?
3
Suppose 15*o + 18*o - 201300 = 0. What is the thousands digit of o?
6
Let w(y) = y**3 - 8*y**2 + y - 6. Let f be w(8). Suppose f*d - 78 = -4*l, d + 3*l = 12 + 26. What is the units digit of d?
1
Let t = -15 + 15. Suppose -3*f + 6 = t, 0 = -y - 2*f - 0*f + 322. Suppose -5*r - 3*j - 102 + y = 0, -3*r - 4*j = -134. What is the units digit of r?
2
Suppose 5*g - 1808 = -3*u, -3*u + 1473 - 393 = 3*g. What is the hundreds digit of g?
3
Let p = -23 - -52. Suppose -4*c + 42 - 6 = 0. Let f = p + c. What is the tens digit of f?
3
Let k(j) = -61*j + 208. What is the hundreds digit of k(-4)?
4
Let t(p) = -115*p - 279. What is the hundreds digit of t(-14)?
3
Let v be (-5209)/(-5) - (-4)/20. Suppose 5*o + 342 - v = 0. What is the tens digit of o?
4
Let r be 17 - (-7 - 2)/(-3). Let k = -14 + r. What is the units digit of (-34)/(8/(-4)) - k?
7
What is the units digit of (-16 + 15)/(1/(-2362))?
2
Let j(s) = -3*s**3 - 2*s**2 + 1. Let r be j(-1). Suppose z + r*z = 6. What is the units digit of z?
2
What is the units digit of 1*(-39609)/(-15) - 32/(-80)?
1
Suppose 5*b = 2*b + 9. Suppose 66 = b*z + 57. What is the units digit of z?
3
Let i(h) = h**2 + 6*h - 12. Let k be i(-7). Let c(d) = -9*d - 2. What is the units digit of c(k)?
3
Suppose -3*h = -3*w + 180 - 18, 3*w + 6 = 0. What is the tens digit of 5/(-10)*(h - 0)?
2
Let a be (-6)/30 + (-6672)/(-10) - 1. What is the tens digit of (a/(-24))/((-2)/8)?
1
Suppose 121 = 5*c + 2*a, 0 = -2*c + 4*a + 14 + 20. Let u = 16 + c. What is the units digit of u?
9
Suppose -4*t = -2*i + 258, 25*i + 4*t = 28*i - 391. What is the hundreds digit of i?
1
Let u = 176 - 34. What is the tens digit of u?
4
Let v(m) = m**2 - 279*m - 7. What is the thousands digit of v(-9)?
2
Let w(f) = -f**3 - 9*f**2 - 13*f - 8. Let b be 12/(-6) - (-13)/(-1). Let o be 1/3 + 125/b. What is the tens digit of w(o)?
3
Let l be (-4 - (-18)/4)*10. Suppose 0 = -l*u - 7*u + 2064. What is the hundreds digit of u?
1
Let u(l) = l - 10. Let f be u(5). Let o(m) = m**3 + 3*m**2 - 2*m - 4. Let b be o(f). Let a = 0 - b. What is the tens digit of a?
4
Let f be (20/110 + (-15)/22)*-1532. Suppose i = -s + 5*i + 209, 4*s - f = 2*i. What is the tens digit of s?
8
Let w be (2 + -1 + -7)/(7/(-91)). What is the tens digit of w + -1 + -1 + -1?
7
Let f = -411 - -1135. What is the hundreds digit of f?
7
Let o be 74*(1 + 92/(-8)). Let y be (o/(-42))/(2/(-4)). Let b = -19 - y. What is the units digit of b?
8
What is the thousands digit of -63 + 66 - (-1088 + 0)?
1
Suppose 0*o - 3*o = -2*j - 243, 4*o = 3*j + 324. Let g = 59 + o. What is the hundreds digit of g?
1
Suppose 0 = -4*h + 5*u + 43, 2 = -h - 3*u - 0. Let d be (h - 1)*40/(-30). What is the units digit of 840/32 - (-2)/d?
6
Suppose 5*p = 5*c - 5305, 3*c - 4*c + 5*p + 1073 = 0. What is the hundreds digit of c?
0
Suppose -441 = 4*y + 27. Let z = -55 - y. What is the units digit of z?
2
Let v = 18 + -12. Suppose -4*k + v*a = 4*a - 82, 2*k - 36 = 2*a. What is the units digit of k?
3
Let c(y) = -y**3 - 4*y**2 + 3*y + 18. Let p be c(-4). Suppose -6*r - p = -1590. What is the tens digit of r?
6
Suppose t - 5 = -6*n + n, 0 = -5*t + 4*n + 25. Suppose f - 2*x - 74 = -0*x, -t*f + x = -325. What is the units digit of f?
4
Suppose 0 = -4*a + 20, 5*b + 3*a - 1140 = 7*a. What is the units digit of b?
2
Let x(d) = -14*d - 425. What is the hundreds digit of x(-51)?
2
Suppose -10*s = -6*s - 8. Suppose -2*k + 3*y = -s*y - 109, -k + 53 = -2*y. What is the tens digit of k?
4
Let p(t) = -t**3 - 8*t**2 + 9*t + 3. Let f be p(-9). Suppose f*a = 188 + 277. What is the hundreds digit of a?
1
Let g = -1 + 1. Let r be (0 + -6)/(7/7 - 3). Suppose g = r*h + 5*n - 207, 69 = h + 4*n - 5*n. What is the units digit of h?
9
Let k(h) = 2*h**2 + 4*h - 7. Let v be (3/4)/((-12)/(-32)). Suppose v*g = 2*w - 16, -3*g - 2*w = 3*w - 8. What is the units digit of k(g)?
9
Let l = 1212 + -620. What is the tens digit of l?
9
Suppose 24 = -3*m - 60. What is the hundreds digit of 7/m + (-797)/(-4)?
1
Let y = -20 - -24. Let l = y - 4. Suppose -5*d + 217 - 42 = l. What is the units digit of d?
5
Let n(q) = q**2 - 4*q - 12. What is the hundreds digit of n(-22)?
5
Let i(k) = 3*k**3 - k**2 + 1. Let m be i(1). Let j(x) = 11*x - 7. What is the units digit of j(m)?
6
Suppose x - 20 = -14*v + 12*v, 2*x - 3*v - 26 = 0. Suppose 3*m = m + 6. Suppose -p = -x + m. What is the tens digit of p?
1
Suppose 6*h + 1241 = 5783. What is the hundreds digit of h?
7
Let m = -10 - -10. Suppose -f - 166 = -5*o, -o + f = -m*f - 30. What is the units digit of o?
4
Let t be (0 + -12)*6/8. Let p = 17 + t. Suppose w - 5*w - c = -36, 2*w - 2*c = p. What is the units digit of w?
8
Let n(y) = 2*y**3 - 91*y**2 - 22*y - 105. What is the tens digit of n(46)?
9
Suppose -3*o - 3*v = 2*o - 1545, 0 = -2*o - 5*v + 618. What is the units digit of o?
9
Suppose 0 = -15*d - 230 - 220. Let f = 39 + d. What is the units digit of f?
9
Let c = 11 + -6. Suppose j - 6*j + c = 0. What is the units digit of 0/j + (-2 - -24)?
2
Suppose -4*c - j - 83 = 0, 2*j = -5*c + 5*j - 108. Let q = 126 - 90. Let m = q + c. What is the units digit of m?
5
Let b = 196 - 85. Suppose -35*v + b = -32*v. What is the units digit of v?
7
Let f be 26/78*-3*59. Let a = -7 - f. What is the units digit of a?
2
Suppose 3*p = -m + p + 6, -4*p = -m. Suppose m*u + 0 = 16. Suppose 5*t = -2*b + 73, 6*b = u*b + t + 79. What is the units digit of b?
9
Suppose 4*v + 3*w = 12, 0*v = -2*v - 2*w + 8. Suppose 11*x - 19 = 25. Suppose 6*u + x = 4*u, 4*c + u - 174 = v. What is the units digit of c?
4
Suppose -3*l + 15 = 5*v, -v + 3*l = 2*v - 33. Suppose v*p - 4*p = 162. Suppose 2*h - p = -h. What is the units digit of h?
7
Let p(n) = -n**2 - 24*n - 36. Let f(y) = -5*y + 23. Let g be f(8). What is the units digit of p(g)?
3
Let a be -1 + -4 - (-52 + 47). Let r = 44 - -115. Suppose k - 2*y = 17 + 10, 5*k - 2*y - r = a. What is the tens digit of k?
3
Suppose 49*j - 75337 + 21682 = 0. What is the hundreds digit of j?
0
What is the hundreds digit of (-4)/(60/(-1855)) - 6/9?
1
Let k(y) be the third derivative of -1/3*y**3 - 1/24*y**4 + 6*y**2 + 0*y + 0. What is the units digit of k(-5)?
3
What is the thousands digit of (5188/10)/((-13)/(-65))?
2
Let a(y) = y - 21. Let p(f) = -f**3 + 3*f + 2. Let k be p(-1). Let s be a(k). What is the units digit of 14/s*(-45)/1?
0
Suppose s = -2*g + 5*s - 2